{"id":901,"date":"2020-10-09T12:55:46","date_gmt":"2020-10-09T10:55:46","guid":{"rendered":"https:\/\/www.esrr.fr\/?page_id=901"},"modified":"2020-10-09T12:55:46","modified_gmt":"2020-10-09T10:55:46","slug":"u8-u9-feminine","status":"publish","type":"page","link":"https:\/\/www.esrr.fr\/?page_id=901","title":{"rendered":"U8-U9 F\u00e9minine"},"content":{"rendered":"<p><img loading=\"lazy\" class=\"wp-image-902 aligncenter\" src=\"https:\/\/www.esrr.fr\/wp-content\/uploads\/2020\/10\/IMG-20200827-WA0003.jpg\" alt=\"section f\u00e9minine ESRR\" width=\"503\" height=\"670\" \/><\/p>\n<p><strong>Horaires entrainements :\u00a0<\/strong><\/p>\n<ul>\n<li>Lundi soir \u00e0 Roussay de 17h45 \u00e0 18h45<\/li>\n<li>Jeudi soir au Longeron de 18h15 \u00e0 19h45<\/li>\n<\/ul>\n","protected":false},"excerpt":{"rendered":"<p>Horaires entrainements :\u00a0 Lundi soir \u00e0 Roussay de 17h45 \u00e0 18h45 Jeudi soir au Longeron de 18h15 \u00e0 19h45<\/p>\n","protected":false},"author":2,"featured_media":0,"parent":0,"menu_order":0,"comment_status":"closed","ping_status":"closed","template":"","meta":[],"_links":{"self":[{"href":"https:\/\/www.esrr.fr\/index.php?rest_route=\/wp\/v2\/pages\/901"}],"collection":[{"href":"https:\/\/www.esrr.fr\/index.php?rest_route=\/wp\/v2\/pages"}],"about":[{"href":"https:\/\/www.esrr.fr\/index.php?rest_route=\/wp\/v2\/types\/page"}],"author":[{"embeddable":true,"href":"https:\/\/www.esrr.fr\/index.php?rest_route=\/wp\/v2\/users\/2"}],"replies":[{"embeddable":true,"href":"https:\/\/www.esrr.fr\/index.php?rest_route=%2Fwp%2Fv2%2Fcomments&post=901"}],"version-history":[{"count":0,"href":"https:\/\/www.esrr.fr\/index.php?rest_route=\/wp\/v2\/pages\/901\/revisions"}],"wp:attachment":[{"href":"https:\/\/www.esrr.fr\/index.php?rest_route=%2Fwp%2Fv2%2Fmedia&parent=901"}],"curies":[{"name":"wp","href":"https:\/\/api.w.org\/{rel}","templated":true}]}}